0
8267
1011101110001 (base 2) to base 6
43441
Convert -19c2 (base 16) to base 9.
-10036
What is 36231 (base 8) in base 6?
155453
26318 (base 13) to base 7
413336
-10252 (base 6) to base 10
-1400
Convert 5255 (base 7) to base 3.
2112122
Convert -993a (base 12) to base 3.
-212011201
What is 1110312 (base 4) in base 8?
12466
-1002120 (base 3) to base 2
-1100011110
478d (base 14) to base 10
12473
Convert -111102 (base 4) to base 13.
-80a
Convert -100010011 (base 2) to base 15.
-135
What is 8b21 (base 12) in base 5?
443213
21503 (base 6) to base 16
baf
325 (base 9) to base 10
266
1200230 (base 4) to base 11
4716
-442 (base 6) to base 7
-332
3c89 (base 16) to base 5
443442
101111 (base 2) to base 6
115
Convert 20606 (base 8) to base 14.
31b0
What is -c45 (base 15) in base 13?
-1349
What is 6647 (base 9) in base 15?
16bd
-50445 (base 8) to base 7
-114364
1121222 (base 3) to base 9
1558
-232215 (base 6) to base 4
-10313303
Convert 210221002 (base 3) to base 11.
11013
Convert 342 (base 9) to base 6.
1145
Convert -21131 (base 4) to base 14.
-313
What is -16b (base 13) in base 10?
-258
Convert 100200 (base 3) to base 6.
1113
135330 (base 6) to base 9
18580
What is -33a (base 11) in base 7?
-1120
Convert 1322 (base 6) to base 16.
152
Convert -34056 (base 8) to base 7.
-56634
What is 2323 (base 8) in base 15?
575
Convert 576 (base 12) to base 2.
1100101010
Convert 1152 (base 10) to base 7.
3234
Convert 2123 (base 4) to base 7.
311
Convert -7663 (base 10) to base 2.
-1110111101111
What is -1860 (base 10) in base 12?
-10b0
-130040 (base 5) to base 8
-11634
What is 3092 (base 12) in base 10?
5294
Convert 51 (base 15) to base 5.
301
What is -110101100001111 (base 2) in base 15?
-81c2
Convert 1332 (base 5) to base 9.
261
-1112003 (base 4) to base 16
-1583
What is -9087 (base 12) in base 2?
-11110100100111
-613b (base 13) to base 8
-32131
Convert 20012 (base 3) to base 4.
2213
-1000111001 (base 2) to base 3
-210002
9a18 (base 16) to base 6
502344
Convert -1b92 (base 13) to base 7.
-15113
Convert 443 (base 6) to base 2.
10101011
What is 1000000001100010 (base 2) in base 11?
22769
109ad (base 15) to base 5
3142223
Convert 3274 (base 8) to base 12.
bb8
What is 1102322 (base 4) in base 14?
1d10
What is 52467 (base 8) in base 12?
1075b
What is -1752 (base 9) in base 7?
-3626
Convert -13001233 (base 4) to base 10.
-28783
What is 47213 (base 9) in base 13?
11469
What is 111000011 (base 2) in base 4?
13003
What is -202210 (base 3) in base 16?
-231
Convert -10a95 (base 14) to base 9.
-61507
What is 252420 (base 6) in base 12?
11110
Convert -3040 (base 6) to base 9.
-826
Convert 1843 (base 14) to base 7.
15513
What is 2c3a (base 15) in base 12?
5601
4300 (base 8) to base 3
10001222
Convert -22587 (base 9) to base 5.
-440224
What is -d53 (base 14) in base 8?
-5075
What is 12638 (base 9) in base 14?
3180
What is -252 (base 11) in base 7?
-605
What is 597 (base 10) in base 12?
419
Convert -551 (base 8) to base 9.
-441
Convert 3817 (base 12) to base 3.
22201101
-379 (base 16) to base 10
-889
Convert 9cf (base 16) to base 11.
1983
Convert -6ac (base 16) to base 2.
-11010101100
-1211 (base 8) to base 11
-540
What is -10000100011 (base 2) in base 15?
-4a9
What is 1466 (base 10) in base 4?
112322
What is -432320 (base 5) in base 11?
-10063
Convert -975 (base 12) to base 15.
-625
Convert 3d3 (base 15) to base 2.
1101101001
What is -b4d (base 16) in base 9?
-3864
Convert 929 (base 10) to base 7.
2465
What is 10032031 (base 5) in base 10?
80266
531 (base 10) to base 13
31b
What is 57355 (base 9) in base 15?
b4bb
What is 330023 (base 5) in base 13?
5185
What is 24032 (base 5) in base 9?
2373
What is -232102 (base 4) in base 5?
-43322
Convert 217015 (base 8) to base 5.
4320404
What is -54553 (base 6) in base 7?
-31014
-1047 (base 9) to base 13
-475
Convert -1344 (base 14) to base 9.
-4578
-15655 (base 8) to base 11
-5361
What is 3bb (base 12) in base 14?
2d1
What is b0 (base 16) in base 10?
176
What is 4766 (base 9) in base 16?
dd7
What is -51144 (base 7) in base 8?
-30215
-854 (base 10) to base 16
-356
Convert -1133233 (base 4) to base 14.
-2339
Convert -472 (base 11) to base 9.
-685
10082 (base 10) to base 8
23542
-34273 (base 8) to base 5
-431043
Convert -16023 (base 7) to base 3.
-20010210
Convert 102342 (base 5) to base 3.
11202121
13521 (base 6) to base 5
32022
What is -9b (base 12) in base 14?
-87
What is -339 (base 16) in base 5?
-11300
What is 126c (base 15) in base 13?
1a31
What is -597 (base 11) in base 12?
-4b3
Convert 467b (base 16) to base 5.
1034133
1bb2 (base 12) to base 16
d76
1a180 (base 11) to base 15
8525
What is 1010010011111 (base 2) in base 11?
3a6a
-455d (base 16) to base 8
-42535
Convert -100000000 (base 2) to base 16.
-100
10120101 (base 3) to base 14
d3c
-1b0 (base 14) to base 13
-20c
Convert 101001000110001 (base 2) to base 15.
637b
Convert 296a (base 11) to base 2.
111011110011
What is -1b1 (base 15) in base 11?
-326
Convert 794 (base 11) to base 3.
1022012
Convert 211020120 (base 3) to base 14.
5ca3
Convert -100111000110 (base 2) to base 13.
-11a6
-310 (base 14) to base 11
-4a8
Convert 223321 (base 5) to base 9.
11825
Convert 11325 (base 11) to base 7.
65463
Convert 14c (base 15) to base 14.
173
Convert -7614 (base 9) to base 5.
-134402
Convert -8222 (base 13) to base 6.
-215022
Convert 223441 (base 5) to base 4.
1330330
Convert 111 (base 14) to base 8.
323
33222 (base 5) to base 14
bb2
Convert -b2d (base 16) to base 12.
-17a5
2233 (base 4) to base 16
af
2114143 (base 5) to base 7
205432
What is -100100110110 (base 2) in base 6?
-14530
What is 1000112000 (base 3) in base 2?
100111001011101
Convert 351 (base 13) to base 5.
4243
293 (base 15) to base 10
588
Convert 9de (base 15) to base 12.
1362
-1927 (base 13) to base 11
-2900
-10646 (base 7) to base 3
-10202002
Convert 2770 (base 9) to base 5.
31323
Convert 169 (base 15) to base 8.
504
What is 2140 (base 5) in base 11?
249
3525 (base 8) to base 6
12405
Convert -65b (base 12) to base 5.
-12220
What is -c7c (base 13) in base 11?
-1668
What is 3542 (base 8) in base 3?
2121000
14116 (base 7) to base 4
323323
Convert 11433 (base 5) to base 9.
1164
865 (base 10) to base 15
3ca
Convert -22140 (base 5) to base 15.
-6d0
33130 (base 6) to base 10
4590
Convert 2ec2 (base 15) to base 10.
10082
-5a6b (base 16) to base 11
-16433
b2c (base 14) to base 12
1330
-1003 (base 5) to base 12
-a8
What is -51054 (base 7) in base 10?
-12387
What is 650 (base 8) in base 10?
424
Convert 35 (base 16) to base 2.
110101
-448 (base 15) to base 8
-1710
Convert 196a (base 11) to base 8.
4700
What is 382 (base 11) in base 13?
28b
-75b (base 15) to base 6
-11405
-17053 (base 8) to base 16
-1e2b
What is -1b23 (base 12) in base 9?
-4520
Convert 788 (base 11) to base 7.
2515
110051 (base 6) to base 3
110111011
Convert c588 (base 15) to base 9.
63242
What is -4879 (base 16) in base 13?
-85a2
Convert 667 (base 11) to base 5.
11144
Convert 1155 (base 9) to base 12.
5b8
What is -3577 (base 8) in base 5?
-30134
Convert -21120 (base 4) to base 16.
-258
What is -73 (base 16) in base 12?
-97
What is 14186 (base 10) in base 14?
5254
Convert -13402 (base 5) to base 11.
-912
Convert 10010001 (base 2) to base 12.
101
-187 (base 15) to base 10
-352
What is -217 (base 14) in base 3?
-120022
-300 (base 5) to base 13
-5a
Convert -60 (base 16) to base 5.
-341
What is -611 (base 8) in base 5?
-3033
1b06 (base 12) to base 15
eb3
Convert 34102 (base 6) to base 15.
1645
What is 212120 (base 4) in base 8?
4630
-420 (base 6) to base 4
-2130
-580 (base 16) to base 9
-1834
10243 (base 5) to base 4
22322
23223113 (base 4) to base 14
13607
What is 1457 (base 8) in base 14?
423
-89aa (base 13) to base 4
-10230211
-5b3 (base 12) to base 14
-451
Convert c0e (base 15) to base 14.
dbc
What is 655 (base 13) in base 6?
5004
-12243 (base 5) to base 13
-57c
What is -1400 (base 6) in base 13?
-219
Convert 2ba6 (base 15) to base 12.
5519
What is -10352 (base 7) in base 16?
-a19
Convert 441 (base 16) to base 15.
4c9
Convert 201022 (base 3) to base 13.
311
Convert -111010111100 (base 2) to base 14.
-1536
What is -7d9 (base 14) in base 11?
-11a1
-3a8 (base 11) to base 14
-265
What is -13737 (base 9) in base 15?
-2b84
Convert -10170 (base 11) to base 13.
-69a6
What is -230220 (b